- -12 - 3) + (-5 - -2)?
-8
-29 + (22 - 51 - -25)
-33
12 + (-1 - 3) + 0 - (13 + -29 + -34)
58
What is the value of (1 - (98 - 143)) + -33?
13
Calculate 118 + (2 - 7) + (-14 + 18 + 17 - 18).
116
What is 93 + -2 + (4920 - 4904)?
107
What is the value of -8 + (-5218 + 5261 - (-1 - (-5 - -1)))?
32
-32 + -34 + 63 + -27
-30
Calculate (25 - 0 - -2) + -2634 + 2602.
-5
Calculate 22 - 18 - (-26 + 11 + 22 - 13).
10
Evaluate 276 - 203 - (56 + 1).
16
What is the value of -3 + 9 + (12 - (-8 - -21)) - 9 - 22?
-26
Calculate 98 + (-30 + 86 - 88).
66
What is 6 + -28 + -1 + 19 - 8?
-12
-27 - 2 - (-71 - (-139 + 140))
43
42 + (-47 - -148) - 38
105
What is 91 - (-35 + 49 + 9 + -13 + -25 + 3)?
103
What is the value of (16 + 64 - 6) + (16 - 19 - -12)?
83
What is -19 + -4 - (-19 + (13 - 78))?
61
Evaluate -29 - (-12 + 0 + 20 + (2 - (0 - -10))).
-29
50 - 27 - 56 - -17
-16
Evaluate -41 - -91 - (1 - -12) - 126.
-89
Calculate -45 - 57 - -211 - 45.
64
Evaluate -4 - (-13 + 20 - 8) - -35 - -7.
39
Calculate (-32 - (15 - 7)) + 5 + (4 - -5).
-26
Evaluate 747 + -749 - (-3 + 55).
-54
What is the value of -23 + 11 + (0 - (-2 + (9 - 1)))?
-18
What is the value of 158 - 138 - ((-6 - -6 - -4) + 50)?
-34
Calculate -12 + 4 + -10 + 29 + -16 + 19 - 149.
-135
What is the value of (-8 + 20 + 0 - -9) + -2 + -7?
12
What is the value of (22 - (7 - -35)) + -6 + -1 + (2 - -2)?
-23
60 - (30 + (-25 - -52))
3
Evaluate (-9 - 37 - -39) + -24.
-31
What is -34 - (-29 - 7 - 6)?
8
Evaluate 24 + (-17 - 3) + (-7 + -6 + 11 - 51).
-49
What is -11 - 7 - -1 - (-7 - (4 - 8 - 1))?
-15
What is 80 - -8 - (24 - -22)?
42
Evaluate -88 - (83 - (-41 + 237)).
25
26 + (57 - 73 - (-1 + -2)) - (-3 - 7)
23
What is (-3 - -7 - (-15 - (7 - 15))) + -35?
-24
34 - (-40 - -44 - 60) - -42
132
What is the value of (17 - -2) + 12 + -39 + -15?
-23
What is the value of -67 + 74 + -38 + -5?
-36
What is the value of (-15 - -3) + -34 + (30 - 32 - -20)?
-28
Evaluate (38 + -2 + 5 - 4) + 11 + -10 + 4.
42
What is the value of 8 + 49 + -37 + 15 + -30?
5
What is the value of -46 + 54 + 0 + -41?
-33
Calculate (-2 - -17) + (-14 - -23) + (3 - 19).
8
Calculate 6 + 82 + -95 + -83.
-90
Calculate (2 + 183 - 153) + 24 + -1.
55
Evaluate -6 - (-11 - (0 + 4)) - (0 + -6) - -2.
17
Evaluate -14 + 32 + -21 - ((-43 - 0) + -1).
41
What is the value of (-7 - (0 - 4)) + 6 - (-17 - -23)?
-3
What is the value of 8 + (-774 - -774 - (-9 - 0))?
17
What is -47 + (21 - 37) + 83?
20
17 - (0 + 7) - (141 + -140 + (1 - -13))
-5
Calculate (8 - (39 + -30 - (8 + -3))) + 9.
13
(7 - 1) + 16 + -72 + (9 - 16)
-57
Calculate 84 + 0 - -1 - (15 + 2 - (-65 + 76)).
79
Evaluate (29 - (2 - 1)) + 58 + (51 + -61 - 62).
14
Calculate (-13 - -6 - -5) + -51 + 60 + -17 + 9.
-1
What is -1 - ((2 - (12 - 0)) + 11 + (102 - -13))?
-117
11 + (4 - 31) + (-1 - (1 - -8))
-26
(13 - (46 + -65)) + -67
-35
-35 - (48 + (-15 - 10))
-58
What is -11 + 1 - (-248 + 220) - (8 + -16)?
26
Evaluate 2 + -16 + -5 + 21 + -2 - -33.
33
Calculate 3 - (-24 + 5 + 1 - (-73 - -55)).
3
Calculate (-12 - -75) + (-347 - -223).
-61
What is the value of -9 - 1 - (-50 + 28 + 11)?
1
Calculate -36 - (4 + -18) - -7 - (44 + -15).
-44
-1 + -22 - ((0 - 13) + 15 + -28 + 32)
-29
What is (-23 + -45 - -61) + -4?
-11
Calculate -16 + (14 - (9 + -12)) + 2 - (-47 - 0).
50
What is the value of -25 + (18 - (-11 + 54))?
-50
3 + 6 + -11 + 19 + -22 + -9 - -123
109
What is the value of 26 - (19 + -40) - 29?
18
What is the value of -63 - -43 - (-2 + -5 - 101)?
88
Evaluate 18 + 0 + -105 + 90 + 1 + -15 - -49.
38
What is 63 - 19 - -21 - -32?
97
Evaluate 93 - 293 - (-82 + 1).
-119
Calculate (-1 - -51) + -116 + 96 + 40.
70
(194 - -20) + -219 + (-4 - (-1 - -4))
-12
What is the value of (0 - 9) + 30 - 3?
18
4 - (1 - -49 - -16)
-62
159 + (117 + -243 - 117)
-84
Calculate 12 + -4 - (8 - -7 - 7 - (1 - -55)).
56
What is -1 - (2 + 3 - -2 - (530 + -532) - 74)?
64
(-77 - 8) + 12 + 16 + -26 + -1 + -2
-86
Evaluate -21 + (-2 - -8) - (19 + -11 - 3).
-20
-52 + 1 + -38 + 2822 + -2774
-41
Evaluate (-52 - -58) + (-14 - -1) + 43 + -48.
-12
What is the value of 7 - 0 - (-3 + 26 + (-20 - (-28 + 5)))?
-19
-80 - -73 - (0 + 5) - -21
9
Calculate -2 + 3 - -4 - (10 - 1) - (-123 - -86).
33
Evaluate 4586 + -4593 + (-2 + 22 - 2).
11
Calculate 17 - 1 - (-3047 + 3177).
-114
Evaluate -31 + 0 + 23 + -14 + -21.
-43
What is 49 + (-29 - -15) + (-2 - -6) + 4?
43
What is the value of (88 - (2 - 4)) + (15 - 19 - -12 - 11)?
87
Evaluate -21 - ((34 - -15 - 131) + -3 + -5).
69
Evaluate 40 - 53 - (-49 - 1).
37
Evaluate 4 - (-2 + 14) - (75 - (55 - -20)).
-8
Calculate (8 - 14 - (1 + 3)) + (57 - 27 - -5).
25
Evaluate -10 + (-2 - -17) - (-15 + -52).
72
Calculate 106 + (-18 - (-3 + 46 + -37)).
82
-14 - (-6 + 4 + -12) - 30
-30
What is the value of 8 + (6 - -11) + (-12 - 2) + 1?
12
Calculate -64 + 39 + -1 + -2892 + 2866.
-52
Evaluate 1 - -27 - (-230 - (-92 + -77)).
89
Evaluate -10 - ((6 - -102) + 1 + (7 + -36 - -15)).
-105
What is the value of 106 + 53 + (-20 - 87)?
52
19 - (12 + (24 - 55))
38
Calculate (-50 - -9) + 88 - 5.
42
Evaluate (-2 - ((-2 - -3 - 0) + 4)) + 63 + -60.
-4
Calculate -1 - -11 - (25 - (42 + -33)) - (-2 - 47).
43
What is the value of 20 - (46 - (-24 + 22)) - -2?
-26
What is -142 - (3 + -7 + (-22 - -20)) - -6?
-130
(-1 - -161 - (-285 - -330)) + -7
108
(29 - 6) + 12 + -12 - 23
0
What is 10 + (-3 - 0) + (5 - 17)?
-5
47 - 3 - (-18 - 124 - -132)
54
Calculate 67 - (-4 - (-22 + 7 + -12)).
44
What is 5 + (1 - (68 + -14)) - -27?
-21
What is the value of 54 + 44 + (-30 - 29) + (0 - -1)?
40
Calculate (801 + -777 - (5 + 1)) + -62.
-44
Calculate -71 + (117 - (84 + -25)).
-13
Evaluate -89 + (301 - 225) - (-2 - -42).
-53
What is the value of -3 + 8 + 37 + (-152 - -156)?
46
What is -35 + 26 - -19 - (6 + 0 - 12)?
16
21 + (9 - 26) + -20
-16
(-64 - 61 - -5) + 35
-85
What is -64 + 0 + (39 - 25 - 28) + 10?
-68
(-33 - 23) + 52 - (-3 + -22)
21
(-261 - -246) + 9 + 1 + 12 + (0 - 43)
-36
Evaluate 112 + -74 - (-15 + 43).
10
What is -15 + -45 + -169 + 243?
14
What is -10 - -1 - (72 - 70 - (-2 - -2) - 3)?
-8
What is the value of -1 + 12 + 1 + (-1813 - -1801)?
0
What is -11 - 1 - (288 + -52 + -160)?
-88
Calculate (-145 - -100 - 20) + (0 + 1 - (1 - 6)).
-59
Evaluate (-1 - (-11 - -3)) + (47 - 43 - -2).
13
Evaluate -87 - (0 - (-15 - (22 - 23))) - -19.
-82
What is the value of (-18 - (7 + -51)) + (13 - (1 - -2))?
36
7 - (-15 - (23 - (20 - 6)))
31
Evaluate 1 + (-7 - -8 - 10) + 52 + 7 + -3.
48
52 + -61 + 32 + -33 - (2 + (0 - 1))
-11
What is 0 + -1 - -41 - (230 - 243)?
53
Calculate (-5 - 2) + 17 + (18 - 8) + -17 + 6.
9
What is the value of -1 + 0 - -4 - (13 + 41 + 34)?
-85
Calculate -7 - ((1 + 0 + 0 - -4) + -10).
-2
What is 153 + (-164 - (41 - -83))?
-135
What is the value of -87 - (-4 - 5 - -3) - (-4 + (-10 - -3))?
-70
Calculate (-24 - -8) + (5 - (-12 - -3) - 4).
-6
What is the value of 76 + 55 + 43 + -314?
-140
What is the value of 78 - (-354 + 356 + 8 + -4 + 3 + -14)?
83
What is (9 - (8 + 3 + 7 - 1)) + (-70 - -1)?
-77
Calculate 1016 + -1019 + (0 - -29) - (-3 + 0 - -10).
19
Calculate 457 + -416 - (20 - 127).
148
24 - ((420 - 424) + 1 + -2 + 13) - -5
21
Evaluate 15 + -23 + 111 + -52.
51
21 + -35 + -4 + -2 + (-8 - -3)
-25
Calculate 4 - (32 + 13 + (8 - (43 - 11))).
-17
What is the value of -48 - (3 - (4 + 3 + 5 + (-7 - 3)))?
-49
What is the value of -2 + -15 + -1 - (68 + -23 - 49)?
-14
Evaluate 22 + 333 + -364 + (-17 - -3).
-23
Calculate -49 + (-18 - -50 - 6).
-23
Evaluate (3 - 0) + -12 + 21 + 19 + -44.
-13
Calculate (4 - 2 - -3) + (68 - 69) + -26 - 0.
-22
What is the value of -3 + 0 - (-42 + 6 + 25)?
8
Evaluate -38 - ((-12 - (22 - 13)) + 19).
-36
Calculate -16 + (141 + -140 - (-1 - 35)) - -11.
32
What is -15 + 0 + (-20 - (153 + -156 + (-11 - 2)))?
-19
Evaluate (7 - 30) + 9 - (-28 - -26).
-12
What is (42 + -31 - 9 - 26) + 135?
111
-3 + 24 + (-183 - (-83 + -17))
-62
What is the value of 8 - 2 - (-44 + (-42 - -44) - (7 + -1))?
54
Evaluate (113 + -52 - 50) + 31.
42
Evaluate -42 - (-68 + (-30 - -57)).
-1
(-84 - (17 - 6) - -5 - (-20 - -13)) + -5
-88
What is the value of 2 + 1 + (1515 - 1541)?
-23
27 - (-38 + 61) - (-3 + 24)
-17
Evaluate -1 + -22 + 14 + (51 - -1) + 2.
45
Evaluate -1 - (129 + -110 + -4 + (-17 - 5)).
6
What is the value of -357 + 352 + (0 - -12) + 0 - (3 - 0)?
4
What is (-5 - (-69 - -59)) + (-47 - 1)?
-43
(123 - -10 -